 -3054?
-520
In base 5, what is 220123 + 1030?
221203
In base 12, what is 1 - 9549a?
-95499
In base 8, what is 202066 + -2?
202064
In base 6, what is 33 - -20501?
20534
In base 13, what is 2aa22 + 3?
2aa25
In base 10, what is 704 + -4331?
-3627
In base 7, what is -34121 - -3?
-34115
In base 14, what is a - -9c0?
9ca
In base 11, what is 233017 - -2?
233019
In base 15, what is -1b5db - 0?
-1b5db
In base 5, what is -110 + -34004?
-34114
In base 16, what is -1 + -174572?
-174573
In base 15, what is 347 + -d4e?
-a07
In base 13, what is 9336 - -1?
9337
In base 4, what is 10301001 + 101?
10301102
In base 10, what is -136235 - 5?
-136240
In base 11, what is 163 + -260?
-a8
In base 3, what is 110222 - 10220?
100002
In base 3, what is 1002222 - 122?
1002100
In base 14, what is -5 + 27116c?
271167
In base 8, what is 2 - 711073?
-711071
In base 11, what is -7 - -109456?
10944a
In base 2, what is -10000 + -10100000001101000?
-10100000001111000
In base 7, what is 4506323 + 3?
4506326
In base 10, what is 3 - 21862?
-21859
In base 12, what is 0 - 66a73?
-66a73
In base 14, what is -8 + -d46?
-d50
In base 15, what is -20 - 1541?
-1561
In base 6, what is -3254 - -1?
-3253
In base 16, what is b9bc - -21?
b9dd
In base 11, what is -2755 + -477?
-3121
In base 8, what is -177 + -104?
-303
In base 10, what is 3558 + 14?
3572
In base 2, what is -101011 - 101000011?
-101101110
In base 6, what is -121540033 + -4?
-121540041
In base 4, what is -22 - -12333312?
12333230
In base 3, what is -101022201001 + 12?
-101022200212
In base 16, what is 28b - -31?
2bc
In base 3, what is 111221002 + 111?
111221120
In base 15, what is 180 + 24?
1a4
In base 15, what is -2 + 100a2?
100a0
In base 14, what is -5 + 6d66?
6d61
In base 16, what is d + 750?
75d
In base 2, what is -1111001111011111 - -100?
-1111001111011011
In base 16, what is 1 + 200?
201
In base 3, what is 212012022212 - -11?
212012100000
In base 14, what is 44d + -51?
3dc
In base 8, what is 2070 - 5?
2063
In base 9, what is -2755 - 2?
-2757
In base 7, what is -355 + -1230?
-1615
In base 11, what is -1 + 84712?
84711
In base 10, what is -42 - -4133?
4091
In base 12, what is -16368 - 2?
-1636a
In base 11, what is -6 + -17534?
-1753a
In base 13, what is -24 + 11c?
c8
In base 7, what is -5 + 13136314?
13136306
In base 10, what is -117 - -62?
-55
In base 8, what is 10 - 3433?
-3423
In base 15, what is -cc - 1d5?
-2b2
In base 5, what is 32140 + 334?
33024
In base 8, what is 2 - -1002?
1004
In base 6, what is 3004140 + -4?
3004132
In base 2, what is 1 + -10101011111111010001?
-10101011111111010000
In base 13, what is -b1 - -28?
-86
In base 6, what is 143301 + -335?
142522
In base 7, what is -11 + 1512210?
1512166
In base 10, what is 1830 + 2?
1832
In base 9, what is 28 + -2316?
-2277
In base 11, what is 19933a + 2?
199341
In base 14, what is d3472 - 10?
d3462
In base 7, what is 112341 - 0?
112341
In base 6, what is -1012443 + 0?
-1012443
In base 5, what is -10131112 - 1?
-10131113
In base 15, what is 4d8b8 - -4?
4d8bc
In base 10, what is -16027 - 72?
-16099
In base 14, what is -4 + c31?
c2b
In base 14, what is 0 - -1149b3?
1149b3
In base 12, what is 38621 + -18?
38605
In base 3, what is -11 + 10202001022?
10202001011
In base 3, what is 10 + -100121?
-100111
In base 12, what is -1 - 4506?
-4507
In base 8, what is 216 - -170?
406
In base 9, what is -1 + -2466437?
-2466438
In base 5, what is -34 - -44333?
44244
In base 8, what is 237603 - -4?
237607
In base 4, what is 2300 + -1110?
1130
In base 3, what is 1120221201010 - -22?
1120221201102
In base 5, what is -10023 + 231?
-4242
In base 4, what is -12 + -13103020?
-13103032
In base 13, what is -a97 + 19?
-a7b
In base 7, what is 1 - 31126?
-31125
In base 16, what is -3 - 23bca?
-23bcd
In base 11, what is 49 - 1780?
-1732
In base 16, what is 5ce + d?
5db
In base 2, what is 10100110111 - -100010?
10101011001
In base 2, what is 111 + -10101001111111000?
-10101001111110001
In base 10, what is 4 + -3896?
-3892
In base 2, what is -11110 + 111101001?
111001011
In base 5, what is -34304 - -43?
-34211
In base 16, what is 77 + 1bd5?
1c4c
In base 12, what is -114 + 0?
-114
In base 8, what is 5127 - 20?
5107
In base 4, what is -2031302300 - 3?
-2031302303
In base 7, what is -164 - 10426?
-10623
In base 6, what is -124 - 11404?
-11532
In base 2, what is -11110011101101 + -10?
-11110011101111
In base 16, what is 41 + 10d2?
1113
In base 7, what is 24 + -15125?
-15101
In base 13, what is -4 + 1bcb6?
1bcb2
In base 5, what is 2013 + 313424?
320442
In base 15, what is -4d8 + c7?
-411
In base 2, what is -1011 + -110100011001010011?
-110100011001011110
In base 14, what is -255 - -16?
-23d
In base 2, what is 0 + 1011100010101111010?
1011100010101111010
In base 7, what is -4 + 232511?
232504
In base 4, what is -1332030330 - -2?
-1332030322
In base 6, what is 32 - 34544?
-34512
In base 8, what is -211315 + -4?
-211321
In base 6, what is -25502253 + -2?
-25502255
In base 6, what is 251 + 340?
1031
In base 9, what is -22 + -657?
-680
In base 16, what is 105b - 4?
1057
In base 13, what is c483 - -16?
c499
In base 10, what is -3747 - 12?
-3759
In base 15, what is -11e30 + 1?
-11e2e
In base 2, what is 100 + 101110000110010000101?
101110000110010001001
In base 8, what is -6531 + 1?
-6530
In base 3, what is -11101002000 - -21?
-11101001202
In base 14, what is -b1 - 218?
-2c9
In base 7, what is -2154365 - -20?
-2154345
In base 8, what is -74762 + -55?
-75037
In base 4, what is 122 + 3302211?
3302333
In base 16, what is b4f - 3?
b4c
In base 3, what is -2121222212 + -12?
-2122000001
In base 4, what is 10 - -12102201?
12102211
In base 4, what is 12 + -100200302?
-100200230
In base 5, what is -22214 + 0?
-22214
In base 14, what is -2 + 1bc240?
1bc23c
In base 7, what is 4 - -12645?
12652
In base 5, what is -24040 - -34?
-24001
In base 8, what is -3 - -152270?
152265
In base 6, what is -4221 + 51?
-4130
In base 3, what is -2 + -1122201?
-1122210
In base 14, what is d125 + -3?
d122
In base 14, what is 11a01 - -18?
11a19
In base 4, what is 0 + -1320302312?
-1320302312
In base 15, what is 11e6 + 4?
11ea
In base 7, what is 6 + 1421126?
1421135
In base 3, what is -11012 + -11200011?
-11211100
In base 6, what is 42134 + 12?
42150
In base 13, what is -1a - a5ac?
-a5c9
In base 10, what is -519771 - 3?
-519774
In base 8, what is -15021 - -65?
-14734
In base 5, what is 113134 + 10134?
123323
In base 14, what is -1410 + 40?
-13b0
In base 2, what is 11110 - -11011011101?
11011111011
In base 6, what is 25453300 - 5?
25453251
In base 16, what is -161b1 + -2?
-161b3
In base 14, what is -2 + c074?
c072
In base 12, what is -130 - -a55?
925
In base 5, what is -14 - -100324?
100310
In base 2, what is 111010 - 100110011?
-11111001
In base 8, what is 2 - 136314?
-136312
In base 8, what is 557075 - -3?
557100
In base 5, what is -1421121 + 4?
-1421112
In base 16, what is -4ae6a - -4?
-4ae66
In base 11, what is -5673 + -114?
-5787
In base 16, what is -61046 - -3?
-61043
In base 13, what is 1 + -6a2b0?
-6a2ac
In base 16, what is -11bfe + -3?
-11c01
In base 14, what is 12dc29 + 1?
12dc2a
In base 2, what is -1100 + -10000000001010000?
-10000000001011100
In base 12, what is -3 + -20339?
-20340
In base 4, what is 213223020 + 2?
213223022
In base 9, what is -376 - -1538?
1152
In base 9, what is 742 - -254?
1106
In base 5, what is 4310104 + -2?
4310102
In base 16, what is ac3e - -3?
ac41
In base 9, what is -206725 + -6?
-206732
In base 11, what is 424355 - 2?
424353
In base 6, what is 201 - -402?
1003
In base 5, what is -1 + -10313333?
-10313334
In base 4, what is 12 - -10333?
11011
In base 15, what is 5a + 3850?
38aa
In base 5, what is 4 + -13404312?
-13404303
In base 9, what is 181 + -533?
-342
In base 8, what is -224063 - -2?
-224061
In base 14, what is -13d - -277c?
263d
In base 4, what is -221 - 23100202?
-23101023
In base 7, what is 4 + 13255?
13262
In base 10, what is 6182 - -10?
6192
In base 5, what is 1442 - 1224?
213
In base 13, what is c502 - 56?
c479
In base 3, what is -10 + -12200222?
-12201002
In base 11, what is 0 + 57619?
57619
In base 16, what is -5 + 29f45?
29f40
In base 12, what is 8 - -8aa0?
8aa8
In base 4, what is 101 + 1333122?
1333223
In base 10, what is -7 + 1652?
1645
In base 2, what is 1010100110110101 + -1?
1010100110110100